{"id":5815,"date":"2023-08-11T18:20:09","date_gmt":"2023-08-11T16:20:09","guid":{"rendered":"https:\/\/www.laresidenceabano.it\/room\/junior-suite-executive\/"},"modified":"2024-04-04T18:49:40","modified_gmt":"2024-04-04T16:49:40","slug":"junior-suite-executive","status":"publish","type":"room","link":"https:\/\/www.laresidenceabano.it\/de\/room\/junior-suite-executive\/","title":{"rendered":"Junior Suite Executive"},"content":{"rendered":"\n<p>Sie verf\u00fcgt \u00fcber Wanne und Dusche, Haartrocker, individuell regulierbare Klimaanlage, Direktwahltelefon, Satellitenfernsehen und Radio, Minibar und Safe. Verf\u00fcgbar mit Doppelbett oder zwei getrennten Betten. Drittes und viertes Bett m\u00f6glich.<\/p>\n","protected":false},"excerpt":{"rendered":"<p>Luxuri\u00f6se und ruhige Junior Suite in Abano Terme mit Balkon und Ausblick auf die Thermalschwimmb\u00e4der und die Euganeischen H\u00fcgel.<\/p>\n","protected":false},"author":12,"featured_media":4600,"template":"","meta":{"_acf_changed":false,"advgb_blocks_editor_width":"","advgb_blocks_columns_visual_guide":"","footnotes":""},"room_categories":[],"class_list":["post-5815","room","type-room","status-publish","has-post-thumbnail","hentry","entry"],"acf":[],"yoast_head":"<!-- This site is optimized with the Yoast SEO plugin v25.6 - https:\/\/yoast.com\/wordpress\/plugins\/seo\/ -->\n<title>Zimmer Junior Suite Executive | Hotel La Residence<\/title>\n<meta name=\"description\" content=\"Luxuri\u00f6se und ruhige Junior Suite in Abano Terme mit Balkon und Ausblick auf die Thermalschwimmb\u00e4der und die Euganeischen H\u00fcgel.\" \/>\n<meta name=\"robots\" content=\"index, follow, max-snippet:-1, max-image-preview:large, max-video-preview:-1\" \/>\n<link rel=\"canonical\" href=\"https:\/\/www.laresidenceabano.it\/de\/room\/junior-suite-executive\/\" \/>\n<meta property=\"og:locale\" content=\"de_DE\" \/>\n<meta property=\"og:type\" content=\"article\" \/>\n<meta property=\"og:title\" content=\"Zimmer Junior Suite Executive | Hotel La Residence\" \/>\n<meta property=\"og:description\" content=\"Luxuri\u00f6se und ruhige Junior Suite in Abano Terme mit Balkon und Ausblick auf die Thermalschwimmb\u00e4der und die Euganeischen H\u00fcgel.\" \/>\n<meta property=\"og:url\" content=\"https:\/\/www.laresidenceabano.it\/de\/room\/junior-suite-executive\/\" \/>\n<meta property=\"og:site_name\" content=\"Hotel La Residence\" \/>\n<meta property=\"article:modified_time\" content=\"2024-04-04T16:49:40+00:00\" \/>\n<meta property=\"og:image\" content=\"https:\/\/www.laresidenceabano.it\/wp-content\/uploads\/2023\/07\/1-Junior-Suite-Executive-principale.jpg\" \/>\n\t<meta property=\"og:image:width\" content=\"1800\" \/>\n\t<meta property=\"og:image:height\" content=\"1200\" \/>\n\t<meta property=\"og:image:type\" content=\"image\/jpeg\" \/>\n<meta name=\"twitter:card\" content=\"summary_large_image\" \/>\n<script type=\"application\/ld+json\" class=\"yoast-schema-graph\">{\"@context\":\"https:\/\/schema.org\",\"@graph\":[{\"@type\":\"WebPage\",\"@id\":\"https:\/\/www.laresidenceabano.it\/de\/room\/junior-suite-executive\/\",\"url\":\"https:\/\/www.laresidenceabano.it\/de\/room\/junior-suite-executive\/\",\"name\":\"Zimmer Junior Suite Executive | Hotel La Residence\",\"isPartOf\":{\"@id\":\"https:\/\/www.laresidenceabano.it\/de\/#website\"},\"primaryImageOfPage\":{\"@id\":\"https:\/\/www.laresidenceabano.it\/de\/room\/junior-suite-executive\/#primaryimage\"},\"image\":{\"@id\":\"https:\/\/www.laresidenceabano.it\/de\/room\/junior-suite-executive\/#primaryimage\"},\"thumbnailUrl\":\"https:\/\/www.laresidenceabano.it\/wp-content\/uploads\/2023\/07\/1-Junior-Suite-Executive-principale.jpg\",\"datePublished\":\"2023-08-11T16:20:09+00:00\",\"dateModified\":\"2024-04-04T16:49:40+00:00\",\"description\":\"Luxuri\u00f6se und ruhige Junior Suite in Abano Terme mit Balkon und Ausblick auf die Thermalschwimmb\u00e4der und die Euganeischen H\u00fcgel.\",\"breadcrumb\":{\"@id\":\"https:\/\/www.laresidenceabano.it\/de\/room\/junior-suite-executive\/#breadcrumb\"},\"inLanguage\":\"de\",\"potentialAction\":[{\"@type\":\"ReadAction\",\"target\":[\"https:\/\/www.laresidenceabano.it\/de\/room\/junior-suite-executive\/\"]}]},{\"@type\":\"ImageObject\",\"inLanguage\":\"de\",\"@id\":\"https:\/\/www.laresidenceabano.it\/de\/room\/junior-suite-executive\/#primaryimage\",\"url\":\"https:\/\/www.laresidenceabano.it\/wp-content\/uploads\/2023\/07\/1-Junior-Suite-Executive-principale.jpg\",\"contentUrl\":\"https:\/\/www.laresidenceabano.it\/wp-content\/uploads\/2023\/07\/1-Junior-Suite-Executive-principale.jpg\",\"width\":1800,\"height\":1200,\"caption\":\"Junior Suite Executive principale con vista sui colli euganei\"},{\"@type\":\"BreadcrumbList\",\"@id\":\"https:\/\/www.laresidenceabano.it\/de\/room\/junior-suite-executive\/#breadcrumb\",\"itemListElement\":[{\"@type\":\"ListItem\",\"position\":1,\"name\":\"Home\",\"item\":\"https:\/\/www.laresidenceabano.it\/de\/\"},{\"@type\":\"ListItem\",\"position\":2,\"name\":\"Junior Suite Executive\"}]},{\"@type\":\"WebSite\",\"@id\":\"https:\/\/www.laresidenceabano.it\/de\/#website\",\"url\":\"https:\/\/www.laresidenceabano.it\/de\/\",\"name\":\"Hotel La Residence\",\"description\":\"\",\"publisher\":{\"@id\":\"https:\/\/www.laresidenceabano.it\/de\/#organization\"},\"potentialAction\":[{\"@type\":\"SearchAction\",\"target\":{\"@type\":\"EntryPoint\",\"urlTemplate\":\"https:\/\/www.laresidenceabano.it\/de\/?s={search_term_string}\"},\"query-input\":{\"@type\":\"PropertyValueSpecification\",\"valueRequired\":true,\"valueName\":\"search_term_string\"}}],\"inLanguage\":\"de\"},{\"@type\":\"Organization\",\"@id\":\"https:\/\/www.laresidenceabano.it\/de\/#organization\",\"name\":\"Hotel La Residence\",\"url\":\"https:\/\/www.laresidenceabano.it\/de\/\",\"logo\":{\"@type\":\"ImageObject\",\"inLanguage\":\"de\",\"@id\":\"https:\/\/www.laresidenceabano.it\/de\/#\/schema\/logo\/image\/\",\"url\":\"https:\/\/www.laresidenceabano.it\/wp-content\/uploads\/2023\/07\/Logo-hotel-la-residence.svg\",\"contentUrl\":\"https:\/\/www.laresidenceabano.it\/wp-content\/uploads\/2023\/07\/Logo-hotel-la-residence.svg\",\"caption\":\"Hotel La Residence\"},\"image\":{\"@id\":\"https:\/\/www.laresidenceabano.it\/de\/#\/schema\/logo\/image\/\"}}]}<\/script>\n<!-- \/ Yoast SEO plugin. -->","yoast_head_json":{"title":"Zimmer Junior Suite Executive | Hotel La Residence","description":"Luxuri\u00f6se und ruhige Junior Suite in Abano Terme mit Balkon und Ausblick auf die Thermalschwimmb\u00e4der und die Euganeischen H\u00fcgel.","robots":{"index":"index","follow":"follow","max-snippet":"max-snippet:-1","max-image-preview":"max-image-preview:large","max-video-preview":"max-video-preview:-1"},"canonical":"https:\/\/www.laresidenceabano.it\/de\/room\/junior-suite-executive\/","og_locale":"de_DE","og_type":"article","og_title":"Zimmer Junior Suite Executive | Hotel La Residence","og_description":"Luxuri\u00f6se und ruhige Junior Suite in Abano Terme mit Balkon und Ausblick auf die Thermalschwimmb\u00e4der und die Euganeischen H\u00fcgel.","og_url":"https:\/\/www.laresidenceabano.it\/de\/room\/junior-suite-executive\/","og_site_name":"Hotel La Residence","article_modified_time":"2024-04-04T16:49:40+00:00","og_image":[{"width":1800,"height":1200,"url":"https:\/\/www.laresidenceabano.it\/wp-content\/uploads\/2023\/07\/1-Junior-Suite-Executive-principale.jpg","type":"image\/jpeg"}],"twitter_card":"summary_large_image","schema":{"@context":"https:\/\/schema.org","@graph":[{"@type":"WebPage","@id":"https:\/\/www.laresidenceabano.it\/de\/room\/junior-suite-executive\/","url":"https:\/\/www.laresidenceabano.it\/de\/room\/junior-suite-executive\/","name":"Zimmer Junior Suite Executive | Hotel La Residence","isPartOf":{"@id":"https:\/\/www.laresidenceabano.it\/de\/#website"},"primaryImageOfPage":{"@id":"https:\/\/www.laresidenceabano.it\/de\/room\/junior-suite-executive\/#primaryimage"},"image":{"@id":"https:\/\/www.laresidenceabano.it\/de\/room\/junior-suite-executive\/#primaryimage"},"thumbnailUrl":"https:\/\/www.laresidenceabano.it\/wp-content\/uploads\/2023\/07\/1-Junior-Suite-Executive-principale.jpg","datePublished":"2023-08-11T16:20:09+00:00","dateModified":"2024-04-04T16:49:40+00:00","description":"Luxuri\u00f6se und ruhige Junior Suite in Abano Terme mit Balkon und Ausblick auf die Thermalschwimmb\u00e4der und die Euganeischen H\u00fcgel.","breadcrumb":{"@id":"https:\/\/www.laresidenceabano.it\/de\/room\/junior-suite-executive\/#breadcrumb"},"inLanguage":"de","potentialAction":[{"@type":"ReadAction","target":["https:\/\/www.laresidenceabano.it\/de\/room\/junior-suite-executive\/"]}]},{"@type":"ImageObject","inLanguage":"de","@id":"https:\/\/www.laresidenceabano.it\/de\/room\/junior-suite-executive\/#primaryimage","url":"https:\/\/www.laresidenceabano.it\/wp-content\/uploads\/2023\/07\/1-Junior-Suite-Executive-principale.jpg","contentUrl":"https:\/\/www.laresidenceabano.it\/wp-content\/uploads\/2023\/07\/1-Junior-Suite-Executive-principale.jpg","width":1800,"height":1200,"caption":"Junior Suite Executive principale con vista sui colli euganei"},{"@type":"BreadcrumbList","@id":"https:\/\/www.laresidenceabano.it\/de\/room\/junior-suite-executive\/#breadcrumb","itemListElement":[{"@type":"ListItem","position":1,"name":"Home","item":"https:\/\/www.laresidenceabano.it\/de\/"},{"@type":"ListItem","position":2,"name":"Junior Suite Executive"}]},{"@type":"WebSite","@id":"https:\/\/www.laresidenceabano.it\/de\/#website","url":"https:\/\/www.laresidenceabano.it\/de\/","name":"Hotel La Residence","description":"","publisher":{"@id":"https:\/\/www.laresidenceabano.it\/de\/#organization"},"potentialAction":[{"@type":"SearchAction","target":{"@type":"EntryPoint","urlTemplate":"https:\/\/www.laresidenceabano.it\/de\/?s={search_term_string}"},"query-input":{"@type":"PropertyValueSpecification","valueRequired":true,"valueName":"search_term_string"}}],"inLanguage":"de"},{"@type":"Organization","@id":"https:\/\/www.laresidenceabano.it\/de\/#organization","name":"Hotel La Residence","url":"https:\/\/www.laresidenceabano.it\/de\/","logo":{"@type":"ImageObject","inLanguage":"de","@id":"https:\/\/www.laresidenceabano.it\/de\/#\/schema\/logo\/image\/","url":"https:\/\/www.laresidenceabano.it\/wp-content\/uploads\/2023\/07\/Logo-hotel-la-residence.svg","contentUrl":"https:\/\/www.laresidenceabano.it\/wp-content\/uploads\/2023\/07\/Logo-hotel-la-residence.svg","caption":"Hotel La Residence"},"image":{"@id":"https:\/\/www.laresidenceabano.it\/de\/#\/schema\/logo\/image\/"}}]}},"featured_img":"https:\/\/www.laresidenceabano.it\/wp-content\/uploads\/2023\/07\/1-Junior-Suite-Executive-principale-1568x1045.jpg","coauthors":[],"author_meta":{"author_link":"https:\/\/www.laresidenceabano.it\/de\/author\/marcop\/","display_name":"MarcoP"},"relative_dates":{"created":"Posted 3\u00a0Jahren ago","modified":"Updated 2\u00a0Jahren ago"},"absolute_dates":{"created":"Posted on 11\/08\/2023","modified":"Updated on 04\/04\/2024"},"absolute_dates_time":{"created":"Posted on 11\/08\/2023 18:20","modified":"Updated on 04\/04\/2024 18:49"},"featured_img_caption":"","tax_additional":{"room_categories":{"linked":[],"unlinked":[],"slug":"room_categories","name":"Kategorien"},"translation_priority":{"linked":["<a href=\"https:\/\/www.laresidenceabano.it\/de\/?taxonomy=translation_priority&#038;term=optional-de\" class=\"advgb-post-tax-term\">Optional<\/a>"],"unlinked":["<span class=\"advgb-post-tax-term\">Optional<\/span>"],"slug":"translation_priority","name":"\u00dcbersetzungspriorit\u00e4ten"}},"series_order":"","_links":{"self":[{"href":"https:\/\/www.laresidenceabano.it\/de\/wp-json\/wp\/v2\/room\/5815","targetHints":{"allow":["GET"]}}],"collection":[{"href":"https:\/\/www.laresidenceabano.it\/de\/wp-json\/wp\/v2\/room"}],"about":[{"href":"https:\/\/www.laresidenceabano.it\/de\/wp-json\/wp\/v2\/types\/room"}],"author":[{"embeddable":true,"href":"https:\/\/www.laresidenceabano.it\/de\/wp-json\/wp\/v2\/users\/12"}],"version-history":[{"count":3,"href":"https:\/\/www.laresidenceabano.it\/de\/wp-json\/wp\/v2\/room\/5815\/revisions"}],"predecessor-version":[{"id":6083,"href":"https:\/\/www.laresidenceabano.it\/de\/wp-json\/wp\/v2\/room\/5815\/revisions\/6083"}],"wp:featuredmedia":[{"embeddable":true,"href":"https:\/\/www.laresidenceabano.it\/de\/wp-json\/wp\/v2\/media\/4600"}],"wp:attachment":[{"href":"https:\/\/www.laresidenceabano.it\/de\/wp-json\/wp\/v2\/media?parent=5815"}],"wp:term":[{"taxonomy":"room_categories","embeddable":true,"href":"https:\/\/www.laresidenceabano.it\/de\/wp-json\/wp\/v2\/room_categories?post=5815"}],"curies":[{"name":"wp","href":"https:\/\/api.w.org\/{rel}","templated":true}]}}

<p>Sie verfügt über Wanne und Dusche, Haartrocker, individuell regulierbare Klimaanlage, Direktwahltelefon, Satellitenfernsehen und Radio, Minibar und Safe. Verfügbar mit Doppelbett oder zwei getrennten Betten. Drittes und viertes Bett möglich.</p>

<p>Luxuriöse und ruhige Junior Suite in Abano Terme mit Balkon und Ausblick auf die Thermalschwimmbäder und die Euganeischen Hügel.</p>

<!-- This site is optimized with the Yoast SEO plugin v25.6 - https://yoast.com/wordpress/plugins/seo/ -->
<title>Zimmer Junior Suite Executive | Hotel La Residence</title>
<meta name="description" content="Luxuriöse und ruhige Junior Suite in Abano Terme mit Balkon und Ausblick auf die Thermalschwimmbäder und die Euganeischen Hügel." />
<meta name="robots" content="index, follow, max-snippet:-1, max-image-preview:large, max-video-preview:-1" />
<link rel="canonical" href="https://www.laresidenceabano.it/de/room/junior-suite-executive/" />
<meta property="og:locale" content="de_DE" />
<meta property="og:type" content="article" />
<meta property="og:title" content="Zimmer Junior Suite Executive | Hotel La Residence" />
<meta property="og:description" content="Luxuriöse und ruhige Junior Suite in Abano Terme mit Balkon und Ausblick auf die Thermalschwimmbäder und die Euganeischen Hügel." />
<meta property="og:url" content="https://www.laresidenceabano.it/de/room/junior-suite-executive/" />
<meta property="og:site_name" content="Hotel La Residence" />
<meta property="article:modified_time" content="2024-04-04T16:49:40+00:00" />
<meta property="og:image" content="https://www.laresidenceabano.it/wp-content/uploads/2023/07/1-Junior-Suite-Executive-principale.jpg" />
	<meta property="og:image:width" content="1800" />
	<meta property="og:image:height" content="1200" />
	<meta property="og:image:type" content="image/jpeg" />
<meta name="twitter:card" content="summary_large_image" />
<script type="application/ld+json" class="yoast-schema-graph">{"@context":"https://schema.org","@graph":[{"@type":"WebPage","@id":"https://www.laresidenceabano.it/de/room/junior-suite-executive/","url":"https://www.laresidenceabano.it/de/room/junior-suite-executive/","name":"Zimmer Junior Suite Executive | Hotel La Residence","isPartOf":{"@id":"https://www.laresidenceabano.it/de/#website"},"primaryImageOfPage":{"@id":"https://www.laresidenceabano.it/de/room/junior-suite-executive/#primaryimage"},"image":{"@id":"https://www.laresidenceabano.it/de/room/junior-suite-executive/#primaryimage"},"thumbnailUrl":"https://www.laresidenceabano.it/wp-content/uploads/2023/07/1-Junior-Suite-Executive-principale.jpg","datePublished":"2023-08-11T16:20:09+00:00","dateModified":"2024-04-04T16:49:40+00:00","description":"Luxuriöse und ruhige Junior Suite in Abano Terme mit Balkon und Ausblick auf die Thermalschwimmbäder und die Euganeischen Hügel.","breadcrumb":{"@id":"https://www.laresidenceabano.it/de/room/junior-suite-executive/#breadcrumb"},"inLanguage":"de","potentialAction":[{"@type":"ReadAction","target":["https://www.laresidenceabano.it/de/room/junior-suite-executive/"]}]},{"@type":"ImageObject","inLanguage":"de","@id":"https://www.laresidenceabano.it/de/room/junior-suite-executive/#primaryimage","url":"https://www.laresidenceabano.it/wp-content/uploads/2023/07/1-Junior-Suite-Executive-principale.jpg","contentUrl":"https://www.laresidenceabano.it/wp-content/uploads/2023/07/1-Junior-Suite-Executive-principale.jpg","width":1800,"height":1200,"caption":"Junior Suite Executive principale con vista sui colli euganei"},{"@type":"BreadcrumbList","@id":"https://www.laresidenceabano.it/de/room/junior-suite-executive/#breadcrumb","itemListElement":[{"@type":"ListItem","position":1,"name":"Home","item":"https://www.laresidenceabano.it/de/"},{"@type":"ListItem","position":2,"name":"Junior Suite Executive"}]},{"@type":"WebSite","@id":"https://www.laresidenceabano.it/de/#website","url":"https://www.laresidenceabano.it/de/","name":"Hotel La Residence","description":"","publisher":{"@id":"https://www.laresidenceabano.it/de/#organization"},"potentialAction":[{"@type":"SearchAction","target":{"@type":"EntryPoint","urlTemplate":"https://www.laresidenceabano.it/de/?s={search_term_string}"},"query-input":{"@type":"PropertyValueSpecification","valueRequired":true,"valueName":"search_term_string"}}],"inLanguage":"de"},{"@type":"Organization","@id":"https://www.laresidenceabano.it/de/#organization","name":"Hotel La Residence","url":"https://www.laresidenceabano.it/de/","logo":{"@type":"ImageObject","inLanguage":"de","@id":"https://www.laresidenceabano.it/de/#/schema/logo/image/","url":"https://www.laresidenceabano.it/wp-content/uploads/2023/07/Logo-hotel-la-residence.svg","contentUrl":"https://www.laresidenceabano.it/wp-content/uploads/2023/07/Logo-hotel-la-residence.svg","caption":"Hotel La Residence"},"image":{"@id":"https://www.laresidenceabano.it/de/#/schema/logo/image/"}}]}</script>
<!-- / Yoast SEO plugin. -->

Luxuriöse und ruhige Junior Suite in Abano Terme mit Balkon und Ausblick auf die Thermalschwimmbäder und die Euganeischen Hügel.

Übersetzungsprioritäten
