{"id":6455,"date":"2023-09-19T10:36:38","date_gmt":"2023-09-19T08:36:38","guid":{"rendered":"https:\/\/www.laresidenceabano.it\/room\/senior-suite\/"},"modified":"2024-04-04T18:48:57","modified_gmt":"2024-04-04T16:48:57","slug":"senior-suite","status":"publish","type":"room","link":"https:\/\/www.laresidenceabano.it\/fr\/room\/senior-suite\/","title":{"rendered":"Senior Suite"},"content":{"rendered":"\n<p>Elle comprend 2 salles de bains compl\u00e8tes, avec baignoire et douche, un coin salon, s\u00e8che-cheveux, climatisation \u00e0 r\u00e9glage individuel, t\u00e9l\u00e9phone direct, t\u00e9l\u00e9vision avec programmes par satellite et radio, minibar, coffre-fort.<\/p>\n\n<p>Disponible avec un lit double ou des lits jumeaux. Possibilit\u00e9 d&rsquo;ajouter un troisi\u00e8me et un quatri\u00e8me lit.<\/p>\n","protected":false},"excerpt":{"rendered":"<p>Grande et luxueuse Suite Senior \u00e0 Abano Terme avec balcon et vue magnifique sur le parc et les piscines.<\/p>\n","protected":false},"author":12,"featured_media":5694,"template":"","meta":{"_acf_changed":false,"advgb_blocks_editor_width":"","advgb_blocks_columns_visual_guide":"","footnotes":""},"room_categories":[],"class_list":["post-6455","room","type-room","status-publish","has-post-thumbnail","hentry","entry"],"acf":[],"yoast_head":"<!-- This site is optimized with the Yoast SEO plugin v25.6 - https:\/\/yoast.com\/wordpress\/plugins\/seo\/ -->\n<title>Chambre Senior Suite | H\u00f4tel La Residence<\/title>\n<meta name=\"description\" content=\"Grande et luxueuse Suite Senior \u00e0 Abano Terme avec balcon et vue magnifique sur le parc et les piscines.\" \/>\n<meta name=\"robots\" content=\"index, follow, max-snippet:-1, max-image-preview:large, max-video-preview:-1\" \/>\n<link rel=\"canonical\" href=\"https:\/\/www.laresidenceabano.it\/fr\/room\/senior-suite\/\" \/>\n<meta property=\"og:locale\" content=\"fr_FR\" \/>\n<meta property=\"og:type\" content=\"article\" \/>\n<meta property=\"og:title\" content=\"Chambre Senior Suite | H\u00f4tel La Residence\" \/>\n<meta property=\"og:description\" content=\"Grande et luxueuse Suite Senior \u00e0 Abano Terme avec balcon et vue magnifique sur le parc et les piscines.\" \/>\n<meta property=\"og:url\" content=\"https:\/\/www.laresidenceabano.it\/fr\/room\/senior-suite\/\" \/>\n<meta property=\"og:site_name\" content=\"Hotel La Residence\" \/>\n<meta property=\"article:modified_time\" content=\"2024-04-04T16:48:57+00:00\" \/>\n<meta property=\"og:image\" content=\"https:\/\/www.laresidenceabano.it\/wp-content\/uploads\/2023\/07\/1-Senior-Suite-Principale.jpg\" \/>\n\t<meta property=\"og:image:width\" content=\"1800\" \/>\n\t<meta property=\"og:image:height\" content=\"1200\" \/>\n\t<meta property=\"og:image:type\" content=\"image\/jpeg\" \/>\n<meta name=\"twitter:card\" content=\"summary_large_image\" \/>\n<script type=\"application\/ld+json\" class=\"yoast-schema-graph\">{\"@context\":\"https:\/\/schema.org\",\"@graph\":[{\"@type\":\"WebPage\",\"@id\":\"https:\/\/www.laresidenceabano.it\/fr\/room\/senior-suite\/\",\"url\":\"https:\/\/www.laresidenceabano.it\/fr\/room\/senior-suite\/\",\"name\":\"Chambre Senior Suite | H\u00f4tel La Residence\",\"isPartOf\":{\"@id\":\"https:\/\/www.laresidenceabano.it\/fr\/#website\"},\"primaryImageOfPage\":{\"@id\":\"https:\/\/www.laresidenceabano.it\/fr\/room\/senior-suite\/#primaryimage\"},\"image\":{\"@id\":\"https:\/\/www.laresidenceabano.it\/fr\/room\/senior-suite\/#primaryimage\"},\"thumbnailUrl\":\"https:\/\/www.laresidenceabano.it\/wp-content\/uploads\/2023\/07\/1-Senior-Suite-Principale.jpg\",\"datePublished\":\"2023-09-19T08:36:38+00:00\",\"dateModified\":\"2024-04-04T16:48:57+00:00\",\"description\":\"Grande et luxueuse Suite Senior \u00e0 Abano Terme avec balcon et vue magnifique sur le parc et les piscines.\",\"breadcrumb\":{\"@id\":\"https:\/\/www.laresidenceabano.it\/fr\/room\/senior-suite\/#breadcrumb\"},\"inLanguage\":\"fr-FR\",\"potentialAction\":[{\"@type\":\"ReadAction\",\"target\":[\"https:\/\/www.laresidenceabano.it\/fr\/room\/senior-suite\/\"]}]},{\"@type\":\"ImageObject\",\"inLanguage\":\"fr-FR\",\"@id\":\"https:\/\/www.laresidenceabano.it\/fr\/room\/senior-suite\/#primaryimage\",\"url\":\"https:\/\/www.laresidenceabano.it\/wp-content\/uploads\/2023\/07\/1-Senior-Suite-Principale.jpg\",\"contentUrl\":\"https:\/\/www.laresidenceabano.it\/wp-content\/uploads\/2023\/07\/1-Senior-Suite-Principale.jpg\",\"width\":1800,\"height\":1200},{\"@type\":\"BreadcrumbList\",\"@id\":\"https:\/\/www.laresidenceabano.it\/fr\/room\/senior-suite\/#breadcrumb\",\"itemListElement\":[{\"@type\":\"ListItem\",\"position\":1,\"name\":\"Home\",\"item\":\"https:\/\/www.laresidenceabano.it\/fr\/\"},{\"@type\":\"ListItem\",\"position\":2,\"name\":\"Senior Suite\"}]},{\"@type\":\"WebSite\",\"@id\":\"https:\/\/www.laresidenceabano.it\/fr\/#website\",\"url\":\"https:\/\/www.laresidenceabano.it\/fr\/\",\"name\":\"Hotel La Residence\",\"description\":\"\",\"publisher\":{\"@id\":\"https:\/\/www.laresidenceabano.it\/fr\/#organization\"},\"potentialAction\":[{\"@type\":\"SearchAction\",\"target\":{\"@type\":\"EntryPoint\",\"urlTemplate\":\"https:\/\/www.laresidenceabano.it\/fr\/?s={search_term_string}\"},\"query-input\":{\"@type\":\"PropertyValueSpecification\",\"valueRequired\":true,\"valueName\":\"search_term_string\"}}],\"inLanguage\":\"fr-FR\"},{\"@type\":\"Organization\",\"@id\":\"https:\/\/www.laresidenceabano.it\/fr\/#organization\",\"name\":\"Hotel La Residence\",\"url\":\"https:\/\/www.laresidenceabano.it\/fr\/\",\"logo\":{\"@type\":\"ImageObject\",\"inLanguage\":\"fr-FR\",\"@id\":\"https:\/\/www.laresidenceabano.it\/fr\/#\/schema\/logo\/image\/\",\"url\":\"https:\/\/www.laresidenceabano.it\/wp-content\/uploads\/2023\/07\/Logo-hotel-la-residence.svg\",\"contentUrl\":\"https:\/\/www.laresidenceabano.it\/wp-content\/uploads\/2023\/07\/Logo-hotel-la-residence.svg\",\"caption\":\"Hotel La Residence\"},\"image\":{\"@id\":\"https:\/\/www.laresidenceabano.it\/fr\/#\/schema\/logo\/image\/\"}}]}<\/script>\n<!-- \/ Yoast SEO plugin. -->","yoast_head_json":{"title":"Chambre Senior Suite | H\u00f4tel La Residence","description":"Grande et luxueuse Suite Senior \u00e0 Abano Terme avec balcon et vue magnifique sur le parc et les piscines.","robots":{"index":"index","follow":"follow","max-snippet":"max-snippet:-1","max-image-preview":"max-image-preview:large","max-video-preview":"max-video-preview:-1"},"canonical":"https:\/\/www.laresidenceabano.it\/fr\/room\/senior-suite\/","og_locale":"fr_FR","og_type":"article","og_title":"Chambre Senior Suite | H\u00f4tel La Residence","og_description":"Grande et luxueuse Suite Senior \u00e0 Abano Terme avec balcon et vue magnifique sur le parc et les piscines.","og_url":"https:\/\/www.laresidenceabano.it\/fr\/room\/senior-suite\/","og_site_name":"Hotel La Residence","article_modified_time":"2024-04-04T16:48:57+00:00","og_image":[{"width":1800,"height":1200,"url":"https:\/\/www.laresidenceabano.it\/wp-content\/uploads\/2023\/07\/1-Senior-Suite-Principale.jpg","type":"image\/jpeg"}],"twitter_card":"summary_large_image","schema":{"@context":"https:\/\/schema.org","@graph":[{"@type":"WebPage","@id":"https:\/\/www.laresidenceabano.it\/fr\/room\/senior-suite\/","url":"https:\/\/www.laresidenceabano.it\/fr\/room\/senior-suite\/","name":"Chambre Senior Suite | H\u00f4tel La Residence","isPartOf":{"@id":"https:\/\/www.laresidenceabano.it\/fr\/#website"},"primaryImageOfPage":{"@id":"https:\/\/www.laresidenceabano.it\/fr\/room\/senior-suite\/#primaryimage"},"image":{"@id":"https:\/\/www.laresidenceabano.it\/fr\/room\/senior-suite\/#primaryimage"},"thumbnailUrl":"https:\/\/www.laresidenceabano.it\/wp-content\/uploads\/2023\/07\/1-Senior-Suite-Principale.jpg","datePublished":"2023-09-19T08:36:38+00:00","dateModified":"2024-04-04T16:48:57+00:00","description":"Grande et luxueuse Suite Senior \u00e0 Abano Terme avec balcon et vue magnifique sur le parc et les piscines.","breadcrumb":{"@id":"https:\/\/www.laresidenceabano.it\/fr\/room\/senior-suite\/#breadcrumb"},"inLanguage":"fr-FR","potentialAction":[{"@type":"ReadAction","target":["https:\/\/www.laresidenceabano.it\/fr\/room\/senior-suite\/"]}]},{"@type":"ImageObject","inLanguage":"fr-FR","@id":"https:\/\/www.laresidenceabano.it\/fr\/room\/senior-suite\/#primaryimage","url":"https:\/\/www.laresidenceabano.it\/wp-content\/uploads\/2023\/07\/1-Senior-Suite-Principale.jpg","contentUrl":"https:\/\/www.laresidenceabano.it\/wp-content\/uploads\/2023\/07\/1-Senior-Suite-Principale.jpg","width":1800,"height":1200},{"@type":"BreadcrumbList","@id":"https:\/\/www.laresidenceabano.it\/fr\/room\/senior-suite\/#breadcrumb","itemListElement":[{"@type":"ListItem","position":1,"name":"Home","item":"https:\/\/www.laresidenceabano.it\/fr\/"},{"@type":"ListItem","position":2,"name":"Senior Suite"}]},{"@type":"WebSite","@id":"https:\/\/www.laresidenceabano.it\/fr\/#website","url":"https:\/\/www.laresidenceabano.it\/fr\/","name":"Hotel La Residence","description":"","publisher":{"@id":"https:\/\/www.laresidenceabano.it\/fr\/#organization"},"potentialAction":[{"@type":"SearchAction","target":{"@type":"EntryPoint","urlTemplate":"https:\/\/www.laresidenceabano.it\/fr\/?s={search_term_string}"},"query-input":{"@type":"PropertyValueSpecification","valueRequired":true,"valueName":"search_term_string"}}],"inLanguage":"fr-FR"},{"@type":"Organization","@id":"https:\/\/www.laresidenceabano.it\/fr\/#organization","name":"Hotel La Residence","url":"https:\/\/www.laresidenceabano.it\/fr\/","logo":{"@type":"ImageObject","inLanguage":"fr-FR","@id":"https:\/\/www.laresidenceabano.it\/fr\/#\/schema\/logo\/image\/","url":"https:\/\/www.laresidenceabano.it\/wp-content\/uploads\/2023\/07\/Logo-hotel-la-residence.svg","contentUrl":"https:\/\/www.laresidenceabano.it\/wp-content\/uploads\/2023\/07\/Logo-hotel-la-residence.svg","caption":"Hotel La Residence"},"image":{"@id":"https:\/\/www.laresidenceabano.it\/fr\/#\/schema\/logo\/image\/"}}]}},"featured_img":"https:\/\/www.laresidenceabano.it\/wp-content\/uploads\/2023\/07\/1-Senior-Suite-Principale-1568x1045.jpg","coauthors":[],"author_meta":{"author_link":"https:\/\/www.laresidenceabano.it\/fr\/author\/marcop\/","display_name":"MarcoP"},"relative_dates":{"created":"Publi\u00e9 3 ans il y a","modified":"Mis \u00e0 jour 2 ans il y a"},"absolute_dates":{"created":"Publi\u00e9 le 19\/09\/2023","modified":"Mise \u00e0 jour le 04\/04\/2024"},"absolute_dates_time":{"created":"Publi\u00e9 le 19\/09\/2023 10:36","modified":"Mise \u00e0 jour le 04\/04\/2024 18:48"},"featured_img_caption":"","tax_additional":{"room_categories":{"linked":[],"unlinked":[],"slug":"room_categories","name":"Cat\u00e9gories"},"translation_priority":{"linked":["<a href=\"https:\/\/www.laresidenceabano.it\/fr\/?taxonomy=translation_priority&#038;term=facultatif\" class=\"advgb-post-tax-term\">Facultatif<\/a>"],"unlinked":["<span class=\"advgb-post-tax-term\">Facultatif<\/span>"],"slug":"translation_priority","name":"Priorit\u00e9s de traduction"}},"series_order":"","_links":{"self":[{"href":"https:\/\/www.laresidenceabano.it\/fr\/wp-json\/wp\/v2\/room\/6455","targetHints":{"allow":["GET"]}}],"collection":[{"href":"https:\/\/www.laresidenceabano.it\/fr\/wp-json\/wp\/v2\/room"}],"about":[{"href":"https:\/\/www.laresidenceabano.it\/fr\/wp-json\/wp\/v2\/types\/room"}],"author":[{"embeddable":true,"href":"https:\/\/www.laresidenceabano.it\/fr\/wp-json\/wp\/v2\/users\/12"}],"version-history":[{"count":1,"href":"https:\/\/www.laresidenceabano.it\/fr\/wp-json\/wp\/v2\/room\/6455\/revisions"}],"predecessor-version":[{"id":6456,"href":"https:\/\/www.laresidenceabano.it\/fr\/wp-json\/wp\/v2\/room\/6455\/revisions\/6456"}],"wp:featuredmedia":[{"embeddable":true,"href":"https:\/\/www.laresidenceabano.it\/fr\/wp-json\/wp\/v2\/media\/5694"}],"wp:attachment":[{"href":"https:\/\/www.laresidenceabano.it\/fr\/wp-json\/wp\/v2\/media?parent=6455"}],"wp:term":[{"taxonomy":"room_categories","embeddable":true,"href":"https:\/\/www.laresidenceabano.it\/fr\/wp-json\/wp\/v2\/room_categories?post=6455"}],"curies":[{"name":"wp","href":"https:\/\/api.w.org\/{rel}","templated":true}]}}

<p>Elle comprend 2 salles de bains complètes, avec baignoire et douche, un coin salon, sèche-cheveux, climatisation à réglage individuel, téléphone direct, télévision avec programmes par satellite et radio, minibar, coffre-fort.</p>

<p>Disponible avec un lit double ou des lits jumeaux. Possibilité d&rsquo;ajouter un troisième et un quatrième lit.</p>

<p>Grande et luxueuse Suite Senior à Abano Terme avec balcon et vue magnifique sur le parc et les piscines.</p>

<!-- This site is optimized with the Yoast SEO plugin v25.6 - https://yoast.com/wordpress/plugins/seo/ -->
<title>Chambre Senior Suite | Hôtel La Residence</title>
<meta name="description" content="Grande et luxueuse Suite Senior à Abano Terme avec balcon et vue magnifique sur le parc et les piscines." />
<meta name="robots" content="index, follow, max-snippet:-1, max-image-preview:large, max-video-preview:-1" />
<link rel="canonical" href="https://www.laresidenceabano.it/fr/room/senior-suite/" />
<meta property="og:locale" content="fr_FR" />
<meta property="og:type" content="article" />
<meta property="og:title" content="Chambre Senior Suite | Hôtel La Residence" />
<meta property="og:description" content="Grande et luxueuse Suite Senior à Abano Terme avec balcon et vue magnifique sur le parc et les piscines." />
<meta property="og:url" content="https://www.laresidenceabano.it/fr/room/senior-suite/" />
<meta property="og:site_name" content="Hotel La Residence" />
<meta property="article:modified_time" content="2024-04-04T16:48:57+00:00" />
<meta property="og:image" content="https://www.laresidenceabano.it/wp-content/uploads/2023/07/1-Senior-Suite-Principale.jpg" />
	<meta property="og:image:width" content="1800" />
	<meta property="og:image:height" content="1200" />
	<meta property="og:image:type" content="image/jpeg" />
<meta name="twitter:card" content="summary_large_image" />
<script type="application/ld+json" class="yoast-schema-graph">{"@context":"https://schema.org","@graph":[{"@type":"WebPage","@id":"https://www.laresidenceabano.it/fr/room/senior-suite/","url":"https://www.laresidenceabano.it/fr/room/senior-suite/","name":"Chambre Senior Suite | Hôtel La Residence","isPartOf":{"@id":"https://www.laresidenceabano.it/fr/#website"},"primaryImageOfPage":{"@id":"https://www.laresidenceabano.it/fr/room/senior-suite/#primaryimage"},"image":{"@id":"https://www.laresidenceabano.it/fr/room/senior-suite/#primaryimage"},"thumbnailUrl":"https://www.laresidenceabano.it/wp-content/uploads/2023/07/1-Senior-Suite-Principale.jpg","datePublished":"2023-09-19T08:36:38+00:00","dateModified":"2024-04-04T16:48:57+00:00","description":"Grande et luxueuse Suite Senior à Abano Terme avec balcon et vue magnifique sur le parc et les piscines.","breadcrumb":{"@id":"https://www.laresidenceabano.it/fr/room/senior-suite/#breadcrumb"},"inLanguage":"fr-FR","potentialAction":[{"@type":"ReadAction","target":["https://www.laresidenceabano.it/fr/room/senior-suite/"]}]},{"@type":"ImageObject","inLanguage":"fr-FR","@id":"https://www.laresidenceabano.it/fr/room/senior-suite/#primaryimage","url":"https://www.laresidenceabano.it/wp-content/uploads/2023/07/1-Senior-Suite-Principale.jpg","contentUrl":"https://www.laresidenceabano.it/wp-content/uploads/2023/07/1-Senior-Suite-Principale.jpg","width":1800,"height":1200},{"@type":"BreadcrumbList","@id":"https://www.laresidenceabano.it/fr/room/senior-suite/#breadcrumb","itemListElement":[{"@type":"ListItem","position":1,"name":"Home","item":"https://www.laresidenceabano.it/fr/"},{"@type":"ListItem","position":2,"name":"Senior Suite"}]},{"@type":"WebSite","@id":"https://www.laresidenceabano.it/fr/#website","url":"https://www.laresidenceabano.it/fr/","name":"Hotel La Residence","description":"","publisher":{"@id":"https://www.laresidenceabano.it/fr/#organization"},"potentialAction":[{"@type":"SearchAction","target":{"@type":"EntryPoint","urlTemplate":"https://www.laresidenceabano.it/fr/?s={search_term_string}"},"query-input":{"@type":"PropertyValueSpecification","valueRequired":true,"valueName":"search_term_string"}}],"inLanguage":"fr-FR"},{"@type":"Organization","@id":"https://www.laresidenceabano.it/fr/#organization","name":"Hotel La Residence","url":"https://www.laresidenceabano.it/fr/","logo":{"@type":"ImageObject","inLanguage":"fr-FR","@id":"https://www.laresidenceabano.it/fr/#/schema/logo/image/","url":"https://www.laresidenceabano.it/wp-content/uploads/2023/07/Logo-hotel-la-residence.svg","contentUrl":"https://www.laresidenceabano.it/wp-content/uploads/2023/07/Logo-hotel-la-residence.svg","caption":"Hotel La Residence"},"image":{"@id":"https://www.laresidenceabano.it/fr/#/schema/logo/image/"}}]}</script>
<!-- / Yoast SEO plugin. -->

Chambre Senior Suite | Hôtel La Residence

Grande et luxueuse Suite Senior à Abano Terme avec balcon et vue magnifique sur le parc et les piscines.

Publié 3 ans il y a

Mis à jour 2 ans il y a

Publié le 19/09/2023

Mise à jour le 04/04/2024

Publié le 19/09/2023 10:36

Mise à jour le 04/04/2024 18:48

Catégories

Priorités de traduction
